68 is divided by 1365?
103
Calculate the remainder when 6821 is divided by 185.
161
Calculate the remainder when 29171 is divided by 187.
186
Calculate the remainder when 10774 is divided by 525.
274
Calculate the remainder when 3433727 is divided by 408.
407
What is the remainder when 3186 is divided by 1137?
912
Calculate the remainder when 4373 is divided by 2183.
7
What is the remainder when 1315 is divided by 235?
140
Calculate the remainder when 1619 is divided by 39.
20
What is the remainder when 82874 is divided by 19?
15
Calculate the remainder when 32341 is divided by 9.
4
What is the remainder when 94347 is divided by 156?
123
Calculate the remainder when 873 is divided by 319.
235
Calculate the remainder when 5465 is divided by 1795.
80
What is the remainder when 25278 is divided by 316?
314
Calculate the remainder when 31981 is divided by 116.
81
Calculate the remainder when 31764 is divided by 1587.
24
Calculate the remainder when 138746 is divided by 56.
34
What is the remainder when 3112 is divided by 307?
42
Calculate the remainder when 159352 is divided by 53101.
49
Calculate the remainder when 548 is divided by 212.
124
Calculate the remainder when 2925 is divided by 1.
0
What is the remainder when 1261 is divided by 494?
273
Calculate the remainder when 7304 is divided by 243.
14
Calculate the remainder when 2450 is divided by 721.
287
Calculate the remainder when 30075 is divided by 9.
6
What is the remainder when 24083 is divided by 96?
83
What is the remainder when 218986 is divided by 24331?
7
Calculate the remainder when 1678 is divided by 525.
103
What is the remainder when 8995 is divided by 29?
5
Calculate the remainder when 131039 is divided by 120.
119
Calculate the remainder when 29412 is divided by 1539.
171
What is the remainder when 1929 is divided by 106?
21
Calculate the remainder when 2791 is divided by 17.
3
What is the remainder when 3103 is divided by 259?
254
What is the remainder when 27551 is divided by 217?
209
What is the remainder when 7044598 is divided by 25?
23
Calculate the remainder when 7169 is divided by 39.
32
What is the remainder when 29614 is divided by 3693?
70
What is the remainder when 15281 is divided by 1252?
257
Calculate the remainder when 534287 is divided by 1058.
1055
What is the remainder when 79238 is divided by 39616?
6
Calculate the remainder when 2374 is divided by 321.
127
What is the remainder when 10466 is divided by 1614?
782
What is the remainder when 2036 is divided by 12?
8
Calculate the remainder when 7142 is divided by 1022.
1010
Calculate the remainder when 3773 is divided by 1891.
1882
Calculate the remainder when 156287 is divided by 407.
406
What is the remainder when 1147 is divided by 147?
118
What is the remainder when 798274 is divided by 1770?
4
What is the remainder when 1051 is divided by 251?
47
What is the remainder when 9626 is divided by 77?
1
Calculate the remainder when 2606 is divided by 140.
86
What is the remainder when 874571 is divided by 13?
9
What is the remainder when 24668 is divided by 86?
72
Calculate the remainder when 65543 is divided by 11.
5
What is the remainder when 4407 is divided by 208?
39
Calculate the remainder when 5988 is divided by 98.
10
Calculate the remainder when 726 is divided by 122.
116
Calculate the remainder when 1037 is divided by 370.
297
What is the remainder when 5534 is divided by 1830?
44
Calculate the remainder when 1125 is divided by 862.
263
What is the remainder when 3275 is divided by 29?
27
Calculate the remainder when 96067 is divided by 14.
13
Calculate the remainder when 656877 is divided by 336.
333
Calculate the remainder when 14572 is divided by 1804.
140
Calculate the remainder when 64228 is divided by 12844.
8
Calculate the remainder when 143 is divided by 141.
2
What is the remainder when 224 is divided by 19?
15
Calculate the remainder when 974 is divided by 89.
84
What is the remainder when 7218 is divided by 299?
42
What is the remainder when 481503 is divided by 43?
32
Calculate the remainder when 3795 is divided by 39.
12
Calculate the remainder when 4636 is divided by 789.
691
What is the remainder when 2444 is divided by 204?
200
Calculate the remainder when 5933 is divided by 61.
16
Calculate the remainder when 67692 is divided by 26.
14
What is the remainder when 1004 is divided by 163?
26
What is the remainder when 61 is divided by 37?
24
What is the remainder when 455554 is divided by 21?
1
Calculate the remainder when 10130835 is divided by 114.
111
What is the remainder when 49349 is divided by 470?
469
What is the remainder when 24442 is divided by 84?
82
What is the remainder when 39171 is divided by 388?
371
Calculate the remainder when 30793 is divided by 4.
1
Calculate the remainder when 40417 is divided by 83.
79
Calculate the remainder when 494691 is divided by 21.
15
Calculate the remainder when 2038 is divided by 279.
85
What is the remainder when 668062 is divided by 74?
64
What is the remainder when 629529 is divided by 261?
258
What is the remainder when 232509 is divided by 19?
6
What is the remainder when 74432 is divided by 412?
272
What is the remainder when 2334 is divided by 235?
219
What is the remainder when 88939 is divided by 1412?
1395
What is the remainder when 3467 is divided by 2905?
562
Calculate the remainder when 1727 is divided by 1637.
90
What is the remainder when 38607 is divided by 4824?
15
What is the remainder when 331626 is divided by 1261?
1244
Calculate the remainder when 1522 is divided by 101.
7
What is the remainder when 2594884 is divided by 1302?
1300
Calculate the remainder when 43473 is divided by 803.
111
What is the remainder when 2001191 is divided by 9?
5
What is the remainder when 602 is divided by 228?
146
What is the remainder when 270 is divided by 70?
60
What is the remainder when 125052 is divided by 1690?
1682
What is the remainder when 42310 is divided by 83?
63
What is the remainder when 8778 is divided by 2905?
63
Calculate the remainder when 9849 is divided by 342.
273
Calculate the remainder when 84203 is divided by 4008.
35
What is the remainder when 20297 is divided by 20296?
1
Calculate the remainder when 1985 is divided by 1874.
111
What is the remainder when 73013 is divided by 28?
17
Calculate the remainder when 411295 is divided by 102821.
11
What is the remainder when 85312 is divided by 72?
64
Calculate the remainder when 1200 is divided by 197.
18
Calculate the remainder when 1836 is divided by 8.
4
Calculate the remainder when 43538 is divided by 14491.
65
Calculate the remainder when 119386 is divided by 4972.
58
What is the remainder when 6747 is divided by 109?
98
What is the remainder when 3282 is divided by 705?
462
Calculate the remainder when 17016 is divided by 658.
566
What is the remainder when 127689 is divided by 19?
9
What is the remainder when 148 is divided by 121?
27
What is the remainder when 5511 is divided by 67?
17
What is the remainder when 4323 is divided by 15?
3
What is the remainder when 17082 is divided by 417?
402
Calculate the remainder when 7318 is divided by 1079.
844
Calculate the remainder when 99675 is divided by 213.
204
Calculate the remainder when 3566 is divided by 12.
2
Calculate the remainder when 3999 is divided by 13.
8
Calculate the remainder when 4798 is divided by 1590.
28
Calculate the remainder when 5216 is divided by 30.
26
Calculate the remainder when 14021 is divided by 1274.
7
What is the remainder when 11028108 is divided by 37?
36
Calculate the remainder when 361946 is divided by 151.
150
What is the remainder when 296419 is divided by 69?
64
What is the remainder when 3902 is divided by 830?
582
Calculate the remainder when 6946 is divided by 2437.
2072
Calculate the remainder when 80612 is divided by 200.
12
Calculate the remainder when 690231 is divided by 1447.
12
What is the remainder when 43248 is divided by 239?
228
What is the remainder when 120680 is divided by 1588?
1580
What is the remainder when 40649 is divided by 134?
47
What is the remainder when 4235 is divided by 39?
23
What is the remainder when 32268 is divided by 10747?
27
Calculate the remainder when 8395 is divided by 2228.
1711
What is the remainder when 3523 is divided by 61?
46
